e 5.
-3403
What is -5241 (base 7) in base 3?
-2112020
-2808 (base 9) to base 4
-201002
What is 132331 (base 4) in base 2?
11110111101
-10645 (base 8) to base 5
-121032
29242 (base 11) to base 14
111db
-1636 (base 16) to base 7
-22402
3715 (base 9) to base 13
134c
What is 1022 (base 13) in base 12?
1355
2c1 (base 14) to base 12
3a9
What is -148a0 (base 11) in base 7?
-115231
-10101 (base 11) to base 4
-3212223
Convert 1211220 (base 3) to base 5.
20342
What is 10122211 (base 3) in base 11?
2006
2412 (base 6) to base 10
584
What is -253 (base 6) in base 11?
-96
Convert 2024 (base 7) to base 13.
422
What is -122222112 (base 3) in base 13?
-5c75
Convert cdc (base 15) to base 4.
231123
-2 (base 7) to base 11
-2
58f (base 16) to base 10
1423
38a (base 11) to base 3
122002
10775 (base 8) to base 15
1570
Convert 3033 (base 6) to base 11.
559
7 (base 10) to base 3
21
-918 (base 15) to base 14
-a64
2212222012 (base 3) to base 6
1115052
What is -742 (base 9) in base 13?
-377
What is d5a (base 15) in base 2?
101111000010
Convert -2230221 (base 5) to base 16.
-9a0c
-1362 (base 8) to base 13
-460
Convert 165c (base 15) to base 2.
1001011001100
What is 110010001101100 (base 2) in base 12?
12a64
-3016 (base 8) to base 3
-2010102
What is 1322 (base 4) in base 3?
11112
Convert 11213 (base 4) to base 8.
547
What is 1ca (base 14) in base 6?
1422
270c (base 16) to base 15
2e66
Convert 1503 (base 6) to base 7.
1110
-2244 (base 5) to base 2
-101000100
What is 10907 (base 11) in base 13?
7217
10100210 (base 3) to base 13
1167
6831 (base 12) to base 16
2d25
-2d7 (base 16) to base 6
-3211
What is -b45 (base 16) in base 5?
-43020
What is 237 (base 12) in base 15?
171
What is -1523 (base 8) in base 3?
-1011112
Convert -89 (base 15) to base 13.
-9c
What is -171e (base 16) in base 7?
-23153
Convert -3596 (base 10) to base 11.
-277a
Convert -306 (base 12) to base 16.
-1b6
-34135 (base 6) to base 4
-1023023
What is -9b3 (base 12) in base 13?
-861
-5383 (base 9) to base 15
-1293
Convert 123111 (base 4) to base 5.
23444
Convert 66405 (base 8) to base 6.
333113
Convert 1813 (base 15) to base 12.
3009
-294 (base 15) to base 11
-496
Convert -5874 (base 10) to base 6.
-43110
What is 2258 (base 12) in base 6?
25352
-1472 (base 8) to base 10
-826
Convert ab7 (base 16) to base 3.
10202121
What is -24534 (base 7) in base 15?
-1d99
-85 (base 13) to base 9
-131
1cb03 (base 13) to base 2
1101110111010011
15b1 (base 14) to base 4
330213
What is 5365 (base 7) in base 16?
775
What is -3213 (base 7) in base 4?
-101301
What is -7bb (base 15) in base 6?
-12035
Convert 111112 (base 3) to base 5.
2430
What is 103223 (base 4) in base 8?
2353
Convert 149b (base 13) to base 5.
44001
-21148 (base 9) to base 7
-55514
-1426 (base 8) to base 10
-790
Convert 5651 (base 9) to base 7.
15115
What is bc2 (base 14) in base 11?
1825
Convert -1104 (base 6) to base 5.
-2011
What is 494 (base 16) in base 14?
5da
What is 1444352 (base 6) in base 5?
10141243
a026 (base 12) to base 6
212050
Convert -14044 (base 5) to base 8.
-2175
-1130102 (base 5) to base 11
-14575
Convert 1030340 (base 5) to base 11.
12246
Convert 3009 (base 14) to base 15.
2696
What is 134300 (base 6) in base 8?
30534
-122313 (base 4) to base 6
-11543
7458 (base 9) to base 11
4132
Convert -77636 (base 9) to base 4.
-30211131
Convert -10004243 (base 5) to base 9.
-128852
5b3 (base 13) to base 2
1111011111
Convert -763 (base 11) to base 15.
-411
Convert -11077 (base 13) to base 14.
-b360
b8ac (base 15) to base 3
1222121200
Convert 1150 (base 8) to base 12.
434
What is -11021122 (base 3) in base 6?
-22242
Convert 1 (base 10) to base 12.
1
b65 (base 15) to base 5
40240
What is -70025 (base 9) in base 14?
-12a62
Convert 340132 (base 6) to base 7.
146201
Convert 236 (base 9) to base 8.
303
-20110111 (base 3) to base 5
-122321
What is -574 (base 8) in base 7?
-1052
2346 (base 7) to base 13
519
107dd (base 14) to base 10
39983
Convert 1161 (base 12) to base 14.
9cd
-102333 (base 4) to base 5
-14330
Convert 1012202 (base 4) to base 7.
16106
-43650 (base 7) to base 10
-10962
Convert -10102 (base 4) to base 3.
-101011
Convert 255 (base 7) to base 9.
163
Convert 100001011010 (base 2) to base 13.
c86
What is -527 (base 10) in base 4?
-20033
Convert b19 (base 12) to base 15.
720
What is -2001021021 (base 3) in base 2?
-1001110101100011
What is -111010110110 (base 2) in base 7?
-13660
Convert 22002 (base 4) to base 9.
783
4033 (base 9) to base 2
101110000010
What is -11977 (base 12) in base 14?
-8999
What is -13020 (base 5) in base 8?
-1762
Convert -323 (base 11) to base 4.
-12010
What is -25d0 (base 14) in base 6?
-50442
What is -3023 (base 8) in base 14?
-7d1
Convert -62401 (base 7) to base 14.
-5801
233130 (base 4) to base 13
14c7
Convert 131500 (base 6) to base 11.
9074
414 (base 6) to base 12
10a
-700 (base 11) to base 15
-3b7
What is 251 (base 8) in base 14?
c1
3ba92 (base 12) to base 10
82766
What is -547 (base 8) in base 3?
-111022
What is 46722 (base 8) in base 7?
112040
Convert -2007 (base 10) to base 5.
-31012
-2296 (base 16) to base 2
-10001010010110
38bb (base 13) to base 16
1fa1
3441 (base 5) to base 6
2144
What is 341 (base 10) in base 11?
290
What is -110010 (base 4) in base 3?
-1202120
-1253 (base 9) to base 14
-4b1
What is 306 (base 15) in base 2?
1010101001
Convert -12400 (base 8) to base 12.
-3140
110102011 (base 3) to base 8
21531
Convert -22022 (base 6) to base 7.
-11600
87452 (base 9) to base 7
330662
Convert -101313 (base 5) to base 4.
-310011
What is -1011000000 (base 2) in base 14?
-384
-13324 (base 6) to base 7
-6013
Convert -22300 (base 6) to base 4.
-300330
What is -2033201 (base 4) in base 7?
-35531
What is -6554 (base 11) in base 4?
-2013022
What is 5994 (base 13) in base 9?
18280
1784 (base 13) to base 7
13112
410 (base 14) to base 10
798
What is 654 (base 7) in base 14?
19b
What is 413100 (base 5) in base 6?
142341
Convert -47b (base 14) to base 7.
-2414
What is 23266 (base 9) in base 13?
70b9
1d8 (base 15) to base 10
428
What is 574 (base 16) in base 9?
1821
-273 (base 8) to base 16
-bb
What is 196 (base 10) in base 9?
237
Convert -1b2 (base 13) to base 4.
-10322
Convert -29d4 (base 15) to base 9.
-13271
Convert -16cb (base 13) to base 6.
-23350
What is 383 (base 14) in base 10?
703
What is 5b2c (base 14) in base 4?
3320230
-20212011 (base 3) to base 6
-35051
What is -2140 (base 6) in base 8?
-754
What is 22000 (base 3) in base 4?
3120
-266 (base 16) to base 9
-752
What is -2230222 (base 4) in base 9?
-16137
What is 564 (base 11) in base 2?
1010100011
-2 (base 7) to base 15
-2
-6183 (base 9) to base 2
-1000110110010
Convert -82 (base 16) to base 9.
-154
2799 (base 13) to base 4
1121013
-105511 (base 6) to base 10
-9043
Convert 31121 (base 5) to base 9.
2712
972 (base 10) to base 9
1300
What is 2000100 (base 4) in base 15?
2673
What is -13001 (base 4) in base 6?
-2025
100220011 (base 3) to base 8
16055
1171 (base 11) to base 8
2772
-102200 (base 3) to base 6
-1243
Convert 9734 (base 15) to base 13.
11746
-11132 (base 4) to base 3
-110222
What is -2724 (base 9) in base 16?
-7ff
Convert -3b3 (base 13) to base 3.
-220012
9a8b (base 14) to base 8
64233
Convert -16261 (base 10) to base 2.
-11111110000101
What is -862 (base 15) in base 6?
-12432
What is 2785 (base 9) in base 7?
6062
Convert 311223 (base 5) to base 6.
115100
Convert -310b (base 14) to base 5.
-232224
Convert -19a7 (base 13) to base 16.
-f0f
-65 (base 9) to base 4
-323
What is 1000102201 (base 3) in base 7?
112210
Convert 2526 (base 10) to base 6.
15410
eee8 (base 16) to base 8
167350
What is -4622 (base 10) in base 13?
-2147
What is -213012 (base 4) in base 12?
-1546
What is -13212 (base 7) in base 12?
-2069
Convert -1126 (base 7) to base 3.
-120021
Convert -1012e (base 15) to base 6.
-1031342
Convert 470 (base 8) to base 6.
1240
Convert -202031 (base 4) to base 11.
-1710
154 (base 13) to base 10
238
What is 5c1 (base 14) in base 15?
519
Convert -7534 (base 8) to base 3.
-12101122
11144 (base 5) to base 6
3411
Convert -12211010 (base 3) to base 16.
-1092
What is 1050 (base 6) in base 11?
204
Convert -10030 (base 6) to base 13.
-7a1
Convert 20aa (base 12) to base 7.
13312
10010011001111 (base 2) to base 4
2103033
What is 56461 (base 10) in base 4?
31302031
What is 